244190861 a composite number?
False
Is 75042683357 a composite number?
False
Is 118694759 composite?
False
Is 2980058993 a prime number?
False
Is 3333770287 composite?
True
Is 524329489 prime?
True
Is 27713635643 a prime number?
True
Is 93030770953 prime?
True
Is 368849543 composite?
False
Is 1939704251 a composite number?
False
Is 974602829 a prime number?
False
Is 172601543 a prime number?
False
Is 26562622729 a prime number?
True
Is 1501358987 prime?
False
Is 1932092371 a composite number?
True
Is 20783671123 composite?
False
Is 5989884863 composite?
True
Is 18984596027 prime?
False
Is 9455752039 a composite number?
False
Is 1088347573 composite?
False
Is 153575239 composite?
True
Is 39077668433 a composite number?
False
Is 9606378073 composite?
False
Is 3671567099 a composite number?
False
Is 991813391 a composite number?
False
Is 10506016562 prime?
False
Is 136277243 prime?
True
Is 11897512246 composite?
True
Is 783860867 a prime number?
True
Is 48358957561 prime?
False
Is 1681505053 composite?
True
Is 1998074003 prime?
True
Is 6194018587 a prime number?
True
Is 3877550869 prime?
True
Is 8580316919 a prime number?
True
Is 558804943 a prime number?
False
Is 14273505383 a composite number?
True
Is 23863202089 prime?
True
Is 2735875309 prime?
False
Is 5065010155 a prime number?
False
Is 207195259 prime?
True
Is 2159204519 a prime number?
True
Is 1093259641 a composite number?
False
Is 789046711 composite?
False
Is 667334909 a prime number?
True
Is 96468382177 composite?
False
Is 3558045203 a prime number?
False
Is 2529707327 composite?
True
Is 14927499871 prime?
False
Is 18765343339 prime?
False
Is 4263990547 a prime number?
False
Is 3311261797 prime?
False
Is 315244723 a composite number?
True
Is 53657801419 a prime number?
False
Is 8743084057 a prime number?
True
Is 1420496321 a prime number?
False
Is 1089849373 a composite number?
False
Is 5904799801 a prime number?
False
Is 1816488613 a composite number?
False
Is 12707016713 prime?
True
Is 6701175809 composite?
True
Is 5556028427 composite?
True
Is 94540151 composite?
False
Is 16964781563 a composite number?
False
Is 983465387 composite?
True
Is 4281355691 prime?
True
Is 918248713 a prime number?
True
Is 417987761 prime?
True
Is 17403006763 a composite number?
False
Is 1566897247 a composite number?
True
Is 1267664887 a composite number?
True
Is 406137269 composite?
True
Is 50915467 a composite number?
False
Is 7893146017 prime?
True
Is 177287359 prime?
True
Is 1354054243 a prime number?
False
Is 239511991 prime?
True
Is 377773937 composite?
False
Is 6780975967 prime?
False
Is 86775023 prime?
True
Is 5152885369 a composite number?
False
Is 1017713491 a composite number?
False
Is 17701450799 prime?
True
Is 301577893 a prime number?
True
Is 1187879569 composite?
True
Is 65772467 a composite number?
True
Is 329403089 prime?
True
Is 3880757281 composite?
False
Is 616494499 a composite number?
True
Is 4612573079 a composite number?
True
Is 24305756259 a prime number?
False
Is 3390874427 a prime number?
False
Is 123058813057 composite?
True
Is 29223523813 prime?
False
Is 2453086453 prime?
True
Is 11336778353 prime?
False
Is 369137215 a composite number?
True
Is 6511377143 prime?
False
Is 127996693 composite?
True
Is 6597544769 composite?
False
Is 3027448517 prime?
False
Is 84933681671 prime?
True
Is 689158843 a composite number?
True
Is 82334731 prime?
False
Is 14841494051 a composite number?
True
Is 1958226727 prime?
False
Is 824304403 prime?
False
Is 1042857913 a prime number?
False
Is 28825729045 composite?
True
Is 267315467 a composite number?
False
Is 7323372197 composite?
False
Is 842985709 a prime number?
True
Is 10089162217 a prime number?
True
Is 3791995703 a prime number?
False
Is 793730863 composite?
False
Is 467519537 composite?
False
Is 2329519867 composite?
False
Is 2966172655 a prime number?
False
Is 44111622965 composite?
True
Is 2963247401 composite?
False
Is 5941759 prime?
True
Is 6786771281 composite?
True
Is 705072097 prime?
False
Is 50382930317 a composite number?
True
Is 1545964613 composite?
False
Is 9728591 composite?
False
Is 49620802151 prime?
True
Is 8236692757 prime?
True
Is 16210607807 prime?
True
Is 32440542959 composite?
True
Is 7221924227 composite?
True
Is 19173261343 composite?
True
Is 23250870389 composite?
False
Is 154462169 a composite number?
False
Is 35325806909 prime?
True
Is 613095095 a prime number?
False
Is 1247368289 composite?
False
Is 8626291433 a composite number?
False
Is 5715607193 a prime number?
True
Is 39941755079 a prime number?
True
Is 257520793 prime?
False
Is 76567008997 a composite number?
True
Is 23928961961 a composite number?
False
Is 3892852211 composite?
False
Is 43740556339 prime?
True
Is 3513901607 prime?
True
Is 101361802 composite?
True
Is 2840615553 prime?
False
Is 24733570577 composite?
True
Is 5553763847 composite?
True
Is 4482907103 a composite number?
False
Is 836965393 composite?
True
Is 16171337989 composite?
False
Is 639308437 a composite number?
True
Is 6154729523 a prime number?
True
Is 112236023 a prime number?
False
Is 6822836849 a prime number?
True
Is 27085490227 a prime number?
False
Is 332825957 composite?
False
Is 29886549913 composite?
True
Is 535743979 a prime number?
False
Is 18541678721 a prime number?
False
Is 307156237 composite?
True
Is 5723353131 a composite number?
True
Is 58217089939 prime?
False
Is 12118549 a composite number?
True
Is 282948857 a prime number?
True
Is 1548869731 a prime number?
False
Is 76201637 a composite number?
False
Is 1577253263 composite?
False
Is 5352321673 a prime number?
True
Is 86878897 composite?
True
Is 56203270301 a composite number?
True
Is 2929686239 a composite number?
False
Is 46486224509 prime?
True
Is 303446197 prime?
False
Is 149479038739 a composite number?
False
Is 3068651507 composite?
True
Is 1030575389 a composite number?
False
Is 4755661819 prime?
True
Is 6980056981 a prime number?
False
Is 1039189805 a prime number?
False
Is 1411131157 a prime number?
True
Is 29944771579 a prime number?
False
Is 894667 composite?
False
Is 129371738129 a prime number?
True
Is 7188297823 composite?
True
Is 2099324005 composite?
True
Is 1061717663 a composite number?
True
Is 16348171687 composite?
True
Is 194427933874 composite?
True
Is 260167769 prime?
True
Is 160453147 a composite number?
True
Is 46260135013 prime?
True
Is 6321786421 prime?
False
Is 16808724379 a prime number?
False
Is 14633439347 prime?
False
Is 1805274943 prime?
False
Is 23234033521 a composite number?
True
Is 28545709721 a composite number?
True
Is 3635392291 composite?
True
Is 127607177149 prime?
False
Is 98786496617 prime?
True
Is 106761328979 prime?
False
Is 28253554327 composite?
True
Is 6556705327 a prime number?
False
Is 471487229 composite?
True
Is 26179838507 a composite number?
True
Is 1231723495 a prime number?
False
Is 22429473659 a composite number?
True
Is 1923402847 prime?
True
Is 52389145283 composite?
False
Is 37634075027 a prime number?
False
Is 6418764769 composite?
False
Is 55042818313 a composite number?
True
Is 451281941 composite?
True
Is 34079007647 composite?
False
Is 7706845129 prime?
False
Is 15105084527 prime?
False
Is 21928356937 a composite number?
True
Is 10084830781 prime?
True
Is 1563191927 prime?
False
Is 169756343 composite?
True
Is 78635159 prime?
False
Is 5732261215 composite?
True
Is 9164460523 prime?
True
Is 548869889 prime?
True
Is 3734529467 a prime number?
True
Is 6177558577 composite?
True
Is 17729430493 a prime number?
False
Is 2112595963 a prime number?
True
Is 9582181709 composite?
True
Is 19147793129 composite?
False
Is 20980573993 composite?
False
Is 16454021201 a prime number?
False
Is 2465631973 prime?
False
Is 20172864043 a prime number?
False
Is 9761706917 prime?
True
Is 6138254679 prime?
False
Is 1141145857 prime?
False
Is 600791447 prime?
True
Is 5331964793 composite?
False
Is 1999198437 prime?
False
Is 108794174749 prime?
False
Is 4950374113 composite?
False
Is 686166647 a prime number?
True
Is 406001469 a composite number?
True
Is 26657446911 prime?
False
Is 29256019817 a composite number?
True
Is 21428491769 a composite number?
True
Is 517636283 prime?
False
Is 11478940013 a prime number?
False
Is 72116158811 a composite number?
False
Is 1626189